hat are the prime factors of 52284978?
2, 3, 1657, 1753
What are the prime factors of 582163674?
2, 3, 17, 41, 107, 1301
What are the prime factors of 51529317?
3, 7, 29, 191, 443
What are the prime factors of 152494341?
3, 50831447
List the prime factors of 455111803.
37, 12300319
List the prime factors of 355768982.
2, 2897, 61403
List the prime factors of 214271460.
2, 3, 5, 13, 131, 233
List the prime factors of 7896822952.
2, 103, 233, 41131
List the prime factors of 2574170081.
7, 367738583
List the prime factors of 127009792.
2, 7, 13, 29, 47
List the prime factors of 1548470595.
3, 5, 7, 71, 207709
List the prime factors of 96536973.
3, 13, 79, 31333
List the prime factors of 65462589.
3, 241, 30181
What are the prime factors of 38453967?
3, 19, 74959
What are the prime factors of 1532639493?
3, 7, 11, 37, 8539
What are the prime factors of 4932904546?
2, 2466452273
What are the prime factors of 692456992?
2, 21639281
What are the prime factors of 1763368113?
3, 13, 29, 1559123
List the prime factors of 1878112715.
5, 47, 1847, 4327
List the prime factors of 174910861.
29, 6031409
List the prime factors of 951423133.
951423133
What are the prime factors of 2609309?
2609309
What are the prime factors of 704540447?
13, 73, 137, 5419
List the prime factors of 26982406.
2, 11, 53, 73, 317
List the prime factors of 50904700.
2, 5, 7, 11, 601
List the prime factors of 2121145322.
2, 1060572661
List the prime factors of 33435206.
2, 7, 2388229
List the prime factors of 294554526.
2, 3, 7, 7013203
What are the prime factors of 9737142?
2, 3, 23, 37, 1907
What are the prime factors of 9600439?
9600439
List the prime factors of 513919502.
2, 41, 107, 58573
What are the prime factors of 157626009?
3, 67, 173, 1511
List the prime factors of 2539409703.
3, 12619, 67079
What are the prime factors of 70693541?
70693541
What are the prime factors of 49821834?
2, 3, 2647, 3137
What are the prime factors of 1873117434?
2, 3, 163, 1915253
List the prime factors of 36458118.
2, 3, 401, 5051
What are the prime factors of 1188124382?
2, 1669, 355939
What are the prime factors of 16186540?
2, 5, 503, 1609
What are the prime factors of 58399638?
2, 3, 11, 431, 2053
What are the prime factors of 430045673?
1201, 358073
What are the prime factors of 64363252?
2, 449, 35837
What are the prime factors of 133122596?
2, 37, 899477
List the prime factors of 15934642.
2, 37, 349, 617
List the prime factors of 88465798.
2, 53, 241, 3463
What are the prime factors of 1357726294?
2, 23, 29515789
What are the prime factors of 36112932?
2, 3, 334379
What are the prime factors of 165273154?
2, 37, 563, 3967
What are the prime factors of 2831163125?
5, 7, 653, 991
List the prime factors of 629856907.
101, 6236207
What are the prime factors of 623549827?
623549827
List the prime factors of 122897339.
19, 47, 137623
List the prime factors of 2828735195.
5, 11, 13, 1489, 2657
List the prime factors of 11623238.
2, 11, 528329
List the prime factors of 1197526177.
1197526177
List the prime factors of 29305824.
2, 3, 17, 17957
What are the prime factors of 89462024?
2, 17, 657809
What are the prime factors of 55144840?
2, 5, 19, 72559
List the prime factors of 6080602507.
7, 2111, 411491
List the prime factors of 713480212.
2, 1013, 176081
List the prime factors of 54212339.
19, 29, 98389
What are the prime factors of 268389535?
5, 19, 2825153
What are the prime factors of 1013043876?
2, 3, 13, 193, 33647
List the prime factors of 302102456.
2, 37762807
What are the prime factors of 5838058844?
2, 1459514711
What are the prime factors of 7529628441?
3, 2509876147
List the prime factors of 1114396961.
1114396961
What are the prime factors of 2423551941?
3, 491, 182813
What are the prime factors of 949466535?
3, 5, 63297769
List the prime factors of 263188907.
263188907
What are the prime factors of 47203823?
37, 1275779
List the prime factors of 107568716.
2, 26892179
List the prime factors of 59515730.
2, 5, 499, 11927
List the prime factors of 581256701.
17903, 32467
What are the prime factors of 220224604?
2, 127, 433513
What are the prime factors of 1005053916?
2, 3, 3929, 21317
List the prime factors of 581651164.
2, 2741, 53051
List the prime factors of 1117862061.
3, 53, 7030579
List the prime factors of 86231471.
29, 823, 3613
What are the prime factors of 892987027?
73, 12232699
What are the prime factors of 390398178?
2, 3, 149, 436687
List the prime factors of 286461176.
2, 19, 97, 19429
List the prime factors of 4179481999.
7, 11, 7754141
List the prime factors of 82961911.
487, 170353
List the prime factors of 510070076.
2, 281, 453799
What are the prime factors of 6018127?
6018127
List the prime factors of 99613939.
99613939
What are the prime factors of 100509144?
2, 3, 541, 7741
What are the prime factors of 4669366761?
3, 17, 30518737
What are the prime factors of 714914096?
2, 13, 1019, 3373
List the prime factors of 166442647.
7, 101, 397, 593
What are the prime factors of 651003304?
2, 7, 17, 449, 1523
What are the prime factors of 22580346?
2, 3, 127, 29633
List the prime factors of 19514022.
2, 3, 11, 37, 61, 131
List the prime factors of 235754444.
2, 47, 1254013
List the prime factors of 3953538.
2, 3, 239, 919
What are the prime factors of 227294036?
2, 19, 101, 29611
What are the prime factors of 8855417338?
2, 53, 83541673
List the prime factors of 389710428.
2, 3, 32475869
What are the prime factors of 158491924?
2, 39622981
What are the prime factors of 4030529?
4030529
What are the prime factors of 193437606?
2, 3, 941, 34261
List the prime factors of 291024827.
291024827
What are the prime factors of 466524182?
2, 137, 1702643
What are the prime factors of 743607919?
109, 6822091
List the prime factors of 30362893.
11, 19, 47, 281
List the prime factors of 77043835.
5, 11, 31, 73, 619
List the prime factors of 162622656.
2, 3, 7, 53, 761
List the prime factors of 118723580.
2, 5, 17, 349187
What are the prime factors of 1350330472?
2, 2927, 57667
List the prime factors of 1036210549.
11, 94200959
List the prime factors of 25904214.
2, 3, 7, 205589
List the prime factors of 3960767831.
17, 23, 595873
What are the prime factors of 204459151?
13, 37, 425071
List the prime factors of 349036244.
2, 37, 2358353
What are the prime factors of 35928790?
2, 5, 3592879
What are the prime factors of 9767989?
7, 11, 126857
List the prime factors of 496004131.
7, 23, 3080771
List the prime factors of 5901203031.
3, 4517, 435481
What are the prime factors of 218402363?
218402363
List the prime factors of 20470353.
3, 19, 359129
What are the prime factors of 278882541?
3, 7, 31, 47599
List the prime factors of 829410577.
5399, 153623
What are the prime factors of 332996012?
2, 443, 187921
List the prime factors of 332423521.
332423521
List the prime factors of 285762907.
19, 41, 43, 449
List the prime factors of 1260413724.
2, 3, 105034477
What are the prime factors of 51595417?
23, 919, 2441
List the prime factors of 8463921070.
2, 5, 11, 17, 19, 211, 1129
List the prime factors of 57540116.
2, 14385029
List the prime factors of 798429675.
3, 5, 10645729
List the prime factors of 37918895.
5, 7, 37, 47, 89
What are the prime factors of 35025621?
3, 11675207
What are the prime factors of 2251474599?
3, 11, 131, 520813
List the prime factors of 2286788575.
5, 17, 283, 19013
List the prime factors of 686314532.
2, 171578633
List the prime factors of 1305493597.
17, 859, 89399
What are the prime factors of 2771896177?
2771896177
What are the prime factors of 3249386484?
2, 3, 270782207
List the prime factors of 131714206.
2, 13, 389687
List the prime factors of 256086656.
2, 7, 41, 6971
What are the prime factors of 4684262217?
3, 1561420739
What are the prime factors of 365258103?
3, 7, 29, 47, 1823
List the prime factors of 64082469.
3, 11, 17, 114229
List the prime factors of 5524181203.
29, 190489007
List the prime factors of 2778114109.
17, 3373, 48449
List the prime factors of 1694722733.
11, 101, 1373
What are the prime factors of 1893078903?
3, 67, 163, 57781
List the prime factors of 177717636.
2, 3, 4936601
List the prime factors of 415846405.
5, 13, 107, 59791
What are the prime factors of 5360193830?
2, 5, 29, 61, 303007
List the prime factors of 23349